{"id":71,"date":"2019-07-19T16:27:02","date_gmt":"2019-07-19T14:27:02","guid":{"rendered":"https:\/\/alberdi-asesoria.com\/?page_id=71"},"modified":"2025-06-17T18:06:25","modified_gmt":"2025-06-17T16:06:25","slug":"politica-privacidad","status":"publish","type":"page","link":"https:\/\/alberdi-asesoria.com\/es\/politica-privacidad\/","title":{"rendered":"Pol\u00edtica de privacidad"},"content":{"rendered":"\n<p>Eduardo Alberdi Zubizarreta y Otra, C.B. en adelante ALBERDI Asesor\u00eda \u2013 Inmobiliaria, de acuerdo a las exigencias legales impuestas por el Reglamento (UE) 2016\/679 del Parlamento Europeo y del Consejo de 27 de abril de 2016 relativo a la protecci\u00f3n de las personas f\u00edsicas en lo que respecta al tratamiento de datos personales y a la libre circulaci\u00f3n de estos datos se reconoce como Responsable de tratamientos de datos personales y se compromete a tratar los mismos de acuerdo a las exigencias normativas y a los riesgos asociados a su tratamiento que, con car\u00e1cter previo, se han identificado. Por el mero hecho de visitar el presente Portal no se produce un tratamiento de datos personales ya que no queda registrado de forma autom\u00e1tica ning\u00fan dato de car\u00e1cter personal que identifique al Usuario.<\/p>\n\n\n\n<p>Para garantizar la adecuada gesti\u00f3n de los datos personales, todo el personal de ALBERDI Asesor\u00eda \u2013 Inmobiliaria, que interviene en los procesos de tratamiento, conoce las pol\u00edticas de protecci\u00f3n de datos establecidas en la entidad, asegurando as\u00ed la confidencialidad, integridad, disponibilidad y resiliencia de los datos personales as\u00ed como la capacidad de restaurar de manera efectiva, y a la mayor brevedad posible, los datos personales en caso de incidente.<\/p>\n\n\n\n<h2 class=\"wp-block-heading\">Responsable del tratamiento de tus datos personales<\/h2>\n\n\n\n<ul class=\"wp-block-list\"><li>Identificaci\u00f3n del Responsable: EDUARDO ALBERDI ZUBIZARRETA Y OTRA, C.B.<\/li><li>CIF: E75168187<\/li><li>Direcci\u00f3n postal: Trenbidearen Zumardia, 3 &#8211; 20720 Azkoitia (Gipuzkoa)<\/li><li>Direcci\u00f3n web: www.alberdi-asesoria.com \/ www.alberdi-inmobiliaria.com<\/li><li>E-mail de contacto: info@alberdi-asesoria.com \/ info@alberdi-inmobiliaria.com<\/li><li>Tfno. de contacto: 943-852514<\/li><\/ul>\n\n\n\n<h2 class=\"wp-block-heading\">Finalidad y duraci\u00f3n del tratamiento de tus datos personales<\/h2>\n\n\n\n<p>Cada vez que ALBERDI ASESOR\u00cdA &#8211; INMOBILIARIA solicite al Usuario sus datos personales, le informar\u00e1 expresamente, en el momento de la recogida de los datos, cu\u00e1l es la finalidad del tratamiento para el que est\u00e1 prestando su consentimiento. La duraci\u00f3n del tratamiento de los datos personales ser\u00e1, con car\u00e1cter general, indefinida salvo indicaci\u00f3n expresa en sentido contrario por parte de ALBERDI ASESOR\u00cdA &#8211; INMOBILIARIA o que el Usuario ejerza su derecho de supresi\u00f3n momento, en el cual, eliminaremos los datos personales a excepci\u00f3n de aquellos que tengamos obligaci\u00f3n legal de conservar por el tiempo que est\u00e9 fijado ese plazo.<\/p>\n\n\n\n<h2 class=\"wp-block-heading\">Legitimaci\u00f3n del tratamiento de tus datos personales<\/h2>\n\n\n\n<p>La base legal que nos legitima a tratar los datos personales es la del propio consentimiento expreso otorgado por el Usuario. ALBERDI ASESOR\u00cdA &#8211; INMOBILIARIA siempre comunicar\u00e1 de forma clara y sencilla la finalidad del tratamiento objeto del consentimiento expreso; en caso de negativa al consentimiento expreso, ALBERDI ASESOR\u00cdA &#8211; INMOBILIARIA no podr\u00e1 atender el servicio demandado.<\/p>\n\n\n\n<h2 class=\"wp-block-heading\">Destinatario de tus datos personales<\/h2>\n\n\n\n<p>ALBERDI ASESOR\u00cdA &#8211; INMOBILIARIA, salvo obligaci\u00f3n legal expresa, no tiene previsto la cesi\u00f3n de los datos personales del Usuario a terceros. En caso de que se vaya a realizar una cesi\u00f3n de este tipo se solicitar\u00e1 previamente el consentimiento expreso informando al Usuario de los destinatarios de las cesiones o de la categor\u00eda de destinatarios si \u00e9stos no est\u00e1n claramente predeterminados.<\/p>\n\n\n\n<p>ALBERDI ASESOR\u00cdA &#8211; INMOBILIARIA s\u00ed podr\u00e1 contratar la prestaci\u00f3n de servicios a terceros que impliquen el acceso a datos personales por cuenta de un tercero pero siempre en el \u00e1mbito de la prestaci\u00f3n de un servicio dando lugar a un encargo de tratamiento en las condiciones recogidas en los art\u00edculos 28 y 29 del Reglamento Europeo anteriormente citado. En estos casos, ALBERDI ASESOR\u00cdA &#8211; INMOBILIARIA regular\u00e1 el encargo de tratamiento a trav\u00e9s del correspondiente contrato de confidencialidad donde quedar\u00e1n claramente reflejados los compromisos que ambas partes adquieren en el tratamiento de tus datos personales respecto a su confidencialidad y seguridad.<\/p>\n\n\n\n<p>En el caso de que el encargado de tratamiento lo realice una entidad fuera del espacio europeo, se trabajar\u00e1 con entidades que, a juicio de la Agencia Espa\u00f1ola de Protecci\u00f3n de Datos cuenten con un nivel de seguridad equiparable demostrable a trav\u00e9s de estas v\u00edas:<\/p>\n\n\n\n<ul class=\"wp-block-list\"><li>La empresa prestadora del servicio est\u00e1 situada en el listado de pa\u00edses con un nivel de protecci\u00f3n equiparable al de la Uni\u00f3n Europea<\/li><li>Est\u00e1 autorizada expresamente la transferencia internacional de datos personales por la Agencia Espa\u00f1ola de Protecci\u00f3n de Datos<\/li><li>La empresa prestadora del servicio trabaja al amparo del acuerdo EU-US Privacy Shield<\/li><\/ul>\n\n\n\n<h2 class=\"wp-block-heading\">Derechos referidos al tratamiento de tus datos personales<\/h2>\n\n\n\n<p>El Usuario, en calidad de titular de datos personales tratados por ALBERDI ASESOR\u00cdA &#8211; INMOBILIARIA, y en aplicaci\u00f3n de los art\u00edculos 15 a 21 del Reglamento Europeo anteriormente citado, puede ejercer, en cualquier momento los derechos de acceso, rectificaci\u00f3n o supresi\u00f3n, limitaci\u00f3n al tratamiento, oposici\u00f3n y\/o portabilidad. Para ello deber\u00e1 dirigirse a ALBERDI ASESOR\u00cdA &#8211; INMOBILIARIA por cualquiera de las v\u00edas habituales de comunicaci\u00f3n, y especialmente, a trav\u00e9s de los datos de contacto reflejados en el punto 1 de esta Pol\u00edtica de Privacidad solicitando el derecho deseado. Para ello deber\u00e1 identificarse previamente de forma inequ\u00edvoca garantizando ser el titular de los datos personales sobre los que quiere ejercer el derecho. ALBERDI ASESOR\u00cdA &#8211; INMOBILIARIA har\u00e1 efectivo el mismo a la mayor brevedad y, en todo caso, sin dilaci\u00f3n indebida. En caso de que el Usuario tenga dudas sobr\u00e9 cu\u00e1les son sus derechos y c\u00f3mo ejercerlos, ALBERDI ASESOR\u00cdA &#8211; INMOBILIARIA est\u00e1 a su disposici\u00f3n para ampliar la informaci\u00f3n necesaria y facilitar el ejercicio de los mismos.<\/p>\n\n\n\n<p>En el caso de que el Usuario considere que la solicitud de ejercicio de derechos no ha sido atendida adecuadamente podr\u00e1 reclamar ante la Autoridad de Control competente; para ello, facilitamos los datos de contacto principales de la Agencia Espa\u00f1ola de Protecci\u00f3n de Datos:<\/p>\n\n\n\n<p>Agencia Espa\u00f1ola de Protecci\u00f3n de Datos (AEPD)<br>C\/ Jorge Juan, 6<br>28001 Madrid<br>www.agpd.es<br>Tfnos de contacto: 901 100 099 \u2013 912 663 517<\/p>\n\n\n\n<h2 class=\"wp-block-heading\">Procedencia de los datos<\/h2>\n\n\n\n<p>El origen de los datos personales del Usuario tratados por ALBERDI ASESOR\u00cdA &#8211; INMOBILIARIA ser\u00e1 el propio titular de los mismos o su representante legal o la persona o personas que el titular autorice expresamente. Las categor\u00edas de datos tratadas corresponder\u00e1n siempre a datos de car\u00e1cter identificativo, econ\u00f3mico, de informaci\u00f3n comercial, acad\u00e9micos y\/o profesionales, y en general, cualquier tipo de dato personal que no sea considerado como datos especialmente protegidos.<\/p>\n","protected":false},"excerpt":{"rendered":"<p>Eduardo Alberdi Zubizarreta y Otra, C.B. en adelante ALBERDI Asesor\u00eda \u2013 Inmobiliaria, de acuerdo a las exigencias legales impuestas por el Reglamento (UE) 2016\/679 del Parlamento Europeo y del Consejo de 27 de abril de 2016 relativo a la protecci\u00f3n de las personas f\u00edsicas en lo que respecta al tratamiento de datos personales y a [&hellip;]<\/p>\n","protected":false},"author":1,"featured_media":0,"parent":0,"menu_order":0,"comment_status":"closed","ping_status":"open","template":"page-interior.php","meta":{"footnotes":""},"class_list":["post-71","page","type-page","status-publish","hentry"],"_links":{"self":[{"href":"https:\/\/alberdi-asesoria.com\/es\/wp-json\/wp\/v2\/pages\/71","targetHints":{"allow":["GET"]}}],"collection":[{"href":"https:\/\/alberdi-asesoria.com\/es\/wp-json\/wp\/v2\/pages"}],"about":[{"href":"https:\/\/alberdi-asesoria.com\/es\/wp-json\/wp\/v2\/types\/page"}],"author":[{"embeddable":true,"href":"https:\/\/alberdi-asesoria.com\/es\/wp-json\/wp\/v2\/users\/1"}],"replies":[{"embeddable":true,"href":"https:\/\/alberdi-asesoria.com\/es\/wp-json\/wp\/v2\/comments?post=71"}],"version-history":[{"count":1,"href":"https:\/\/alberdi-asesoria.com\/es\/wp-json\/wp\/v2\/pages\/71\/revisions"}],"predecessor-version":[{"id":72,"href":"https:\/\/alberdi-asesoria.com\/es\/wp-json\/wp\/v2\/pages\/71\/revisions\/72"}],"wp:attachment":[{"href":"https:\/\/alberdi-asesoria.com\/es\/wp-json\/wp\/v2\/media?parent=71"}],"curies":[{"name":"wp","href":"https:\/\/api.w.org\/{rel}","templated":true}]}}

Política de privacidad

<p>Eduardo Alberdi Zubizarreta y Otra, C.B. en adelante ALBERDI Asesoría – Inmobiliaria, de acuerdo a las exigencias legales impuestas por el Reglamento (UE) 2016/679 del Parlamento Europeo y del Consejo de 27 de abril de 2016 relativo a la protección de las personas físicas en lo que respecta al tratamiento de datos personales y a la libre circulación de estos datos se reconoce como Responsable de tratamientos de datos personales y se compromete a tratar los mismos de acuerdo a las exigencias normativas y a los riesgos asociados a su tratamiento que, con carácter previo, se han identificado. Por el mero hecho de visitar el presente Portal no se produce un tratamiento de datos personales ya que no queda registrado de forma automática ningún dato de carácter personal que identifique al Usuario.</p>



<p>Para garantizar la adecuada gestión de los datos personales, todo el personal de ALBERDI Asesoría – Inmobiliaria, que interviene en los procesos de tratamiento, conoce las políticas de protección de datos establecidas en la entidad, asegurando así la confidencialidad, integridad, disponibilidad y resiliencia de los datos personales así como la capacidad de restaurar de manera efectiva, y a la mayor brevedad posible, los datos personales en caso de incidente.</p>



<h2 class="wp-block-heading">Responsable del tratamiento de tus datos personales</h2>



<ul class="wp-block-list"><li>Identificación del Responsable: EDUARDO ALBERDI ZUBIZARRETA Y OTRA, C.B.</li><li>CIF: E75168187</li><li>Dirección postal: Trenbidearen Zumardia, 3 &#8211; 20720 Azkoitia (Gipuzkoa)</li><li>Dirección web: www.alberdi-asesoria.com / www.alberdi-inmobiliaria.com</li><li>E-mail de contacto: info@alberdi-asesoria.com / info@alberdi-inmobiliaria.com</li><li>Tfno. de contacto: 943-852514</li></ul>



<h2 class="wp-block-heading">Finalidad y duración del tratamiento de tus datos personales</h2>



<p>Cada vez que ALBERDI ASESORÍA &#8211; INMOBILIARIA solicite al Usuario sus datos personales, le informará expresamente, en el momento de la recogida de los datos, cuál es la finalidad del tratamiento para el que está prestando su consentimiento. La duración del tratamiento de los datos personales será, con carácter general, indefinida salvo indicación expresa en sentido contrario por parte de ALBERDI ASESORÍA &#8211; INMOBILIARIA o que el Usuario ejerza su derecho de supresión momento, en el cual, eliminaremos los datos personales a excepción de aquellos que tengamos obligación legal de conservar por el tiempo que esté fijado ese plazo.</p>



<h2 class="wp-block-heading">Legitimación del tratamiento de tus datos personales</h2>



<p>La base legal que nos legitima a tratar los datos personales es la del propio consentimiento expreso otorgado por el Usuario. ALBERDI ASESORÍA &#8211; INMOBILIARIA siempre comunicará de forma clara y sencilla la finalidad del tratamiento objeto del consentimiento expreso; en caso de negativa al consentimiento expreso, ALBERDI ASESORÍA &#8211; INMOBILIARIA no podrá atender el servicio demandado.</p>



<h2 class="wp-block-heading">Destinatario de tus datos personales</h2>



<p>ALBERDI ASESORÍA &#8211; INMOBILIARIA, salvo obligación legal expresa, no tiene previsto la cesión de los datos personales del Usuario a terceros. En caso de que se vaya a realizar una cesión de este tipo se solicitará previamente el consentimiento expreso informando al Usuario de los destinatarios de las cesiones o de la categoría de destinatarios si éstos no están claramente predeterminados.</p>



<p>ALBERDI ASESORÍA &#8211; INMOBILIARIA sí podrá contratar la prestación de servicios a terceros que impliquen el acceso a datos personales por cuenta de un tercero pero siempre en el ámbito de la prestación de un servicio dando lugar a un encargo de tratamiento en las condiciones recogidas en los artículos 28 y 29 del Reglamento Europeo anteriormente citado. En estos casos, ALBERDI ASESORÍA &#8211; INMOBILIARIA regulará el encargo de tratamiento a través del correspondiente contrato de confidencialidad donde quedarán claramente reflejados los compromisos que ambas partes adquieren en el tratamiento de tus datos personales respecto a su confidencialidad y seguridad.</p>



<p>En el caso de que el encargado de tratamiento lo realice una entidad fuera del espacio europeo, se trabajará con entidades que, a juicio de la Agencia Española de Protección de Datos cuenten con un nivel de seguridad equiparable demostrable a través de estas vías:</p>



<ul class="wp-block-list"><li>La empresa prestadora del servicio está situada en el listado de países con un nivel de protección equiparable al de la Unión Europea</li><li>Está autorizada expresamente la transferencia internacional de datos personales por la Agencia Española de Protección de Datos</li><li>La empresa prestadora del servicio trabaja al amparo del acuerdo EU-US Privacy Shield</li></ul>



<h2 class="wp-block-heading">Derechos referidos al tratamiento de tus datos personales</h2>



<p>El Usuario, en calidad de titular de datos personales tratados por ALBERDI ASESORÍA &#8211; INMOBILIARIA, y en aplicación de los artículos 15 a 21 del Reglamento Europeo anteriormente citado, puede ejercer, en cualquier momento los derechos de acceso, rectificación o supresión, limitación al tratamiento, oposición y/o portabilidad. Para ello deberá dirigirse a ALBERDI ASESORÍA &#8211; INMOBILIARIA por cualquiera de las vías habituales de comunicación, y especialmente, a través de los datos de contacto reflejados en el punto 1 de esta Política de Privacidad solicitando el derecho deseado. Para ello deberá identificarse previamente de forma inequívoca garantizando ser el titular de los datos personales sobre los que quiere ejercer el derecho. ALBERDI ASESORÍA &#8211; INMOBILIARIA hará efectivo el mismo a la mayor brevedad y, en todo caso, sin dilación indebida. En caso de que el Usuario tenga dudas sobré cuáles son sus derechos y cómo ejercerlos, ALBERDI ASESORÍA &#8211; INMOBILIARIA está a su disposición para ampliar la información necesaria y facilitar el ejercicio de los mismos.</p>



<p>En el caso de que el Usuario considere que la solicitud de ejercicio de derechos no ha sido atendida adecuadamente podrá reclamar ante la Autoridad de Control competente; para ello, facilitamos los datos de contacto principales de la Agencia Española de Protección de Datos:</p>



<p>Agencia Española de Protección de Datos (AEPD)<br>C/ Jorge Juan, 6<br>28001 Madrid<br>www.agpd.es<br>Tfnos de contacto: 901 100 099 – 912 663 517</p>



<h2 class="wp-block-heading">Procedencia de los datos</h2>



<p>El origen de los datos personales del Usuario tratados por ALBERDI ASESORÍA &#8211; INMOBILIARIA será el propio titular de los mismos o su representante legal o la persona o personas que el titular autorice expresamente. Las categorías de datos tratadas corresponderán siempre a datos de carácter identificativo, económico, de información comercial, académicos y/o profesionales, y en general, cualquier tipo de dato personal que no sea considerado como datos especialmente protegidos.</p>

<p>Eduardo Alberdi Zubizarreta y Otra, C.B. en adelante ALBERDI Asesoría – Inmobiliaria, de acuerdo a las exigencias legales impuestas por el Reglamento (UE) 2016/679 del Parlamento Europeo y del Consejo de 27 de abril de 2016 relativo a la protección de las personas físicas en lo que respecta al tratamiento de datos personales y a [&hellip;]</p>
